site number?
False
Is 6232938391 composite?
True
Is 513655531 a composite number?
True
Is 867353563 composite?
True
Is 25195137523 a prime number?
True
Is 52928576131 composite?
True
Is 1969804657 a prime number?
True
Is 4610806903 composite?
True
Is 94927879 a prime number?
False
Is 14575112507 a prime number?
False
Is 4830287021 prime?
False
Is 24760240129 composite?
False
Is 14220330809 prime?
False
Is 106028957099 composite?
True
Is 459355069 a composite number?
False
Is 5882898839 a composite number?
False
Is 2548156189 a prime number?
True
Is 888771539 prime?
False
Is 52011832937 prime?
False
Is 2162057 composite?
False
Is 17491875449 a composite number?
False
Is 501080563 a composite number?
True
Is 1547719541 a prime number?
False
Is 66028536997 prime?
False
Is 644808727 composite?
False
Is 1002057307 prime?
False
Is 58736469097 a composite number?
False
Is 146031678731 a prime number?
False
Is 8651886847 a composite number?
False
Is 3229810847 prime?
False
Is 8982485971 prime?
True
Is 5347877447 prime?
False
Is 1548904597 a composite number?
False
Is 167474393153 a composite number?
False
Is 29089721651 composite?
False
Is 60535399 a composite number?
True
Is 15930433 composite?
False
Is 36457077841 a composite number?
True
Is 1300470527 composite?
False
Is 111425891 prime?
False
Is 152582966798 a composite number?
True
Is 1482059567 composite?
False
Is 1048546333 prime?
False
Is 38495531 a prime number?
False
Is 42692803589 prime?
False
Is 1075765261 composite?
False
Is 62371345261 a prime number?
False
Is 148801973911 prime?
True
Is 54615804251 a prime number?
True
Is 3734584961 prime?
True
Is 33135580369 a prime number?
True
Is 18346001857 a composite number?
False
Is 6721896931 a prime number?
False
Is 147185729 a prime number?
False
Is 790145959 a composite number?
True
Is 10671302639 composite?
True
Is 940947251 a composite number?
False
Is 178632122811 prime?
False
Is 54082555607 a composite number?
True
Is 390417383 a prime number?
False
Is 1113540437 a prime number?
False
Is 2576420507 a composite number?
True
Is 30070176061 a prime number?
True
Is 31295420369 composite?
False
Is 7683080051 a composite number?
True
Is 6194140949 prime?
False
Is 3907416713 a prime number?
True
Is 3130944937 a prime number?
True
Is 14257658797 a prime number?
True
Is 1242539167 prime?
True
Is 82832430523 a prime number?
True
Is 25357857043 composite?
True
Is 16146917321 composite?
False
Is 879177727 a prime number?
False
Is 3031866547 composite?
True
Is 38210087117 a prime number?
True
Is 2612707129 a prime number?
False
Is 816460629 a composite number?
True
Is 166277933 composite?
True
Is 1417271509 prime?
False
Is 7093231933 a prime number?
False
Is 1351049741 composite?
False
Is 17880898067 prime?
True
Is 89372357 composite?
True
Is 49278284651 composite?
True
Is 429274799 a composite number?
False
Is 4010116427 composite?
False
Is 109194287 composite?
True
Is 34712355541 composite?
False
Is 435494461 prime?
True
Is 1334233991 prime?
False
Is 43560397 a composite number?
False
Is 10867192657 prime?
False
Is 33180883181 a composite number?
False
Is 6659566607 a prime number?
False
Is 3859773779 a prime number?
True
Is 9703395197 a prime number?
False
Is 6489983 prime?
True
Is 1450848641 a prime number?
False
Is 20452216319 a prime number?
True
Is 152712157303 a composite number?
True
Is 3487779653 a composite number?
True
Is 8181681793 a composite number?
False
Is 6370326737 composite?
False
Is 3352582331 composite?
True
Is 756077731 a prime number?
False
Is 16900277297 a composite number?
True
Is 270162281 composite?
False
Is 183459943 composite?
False
Is 1987829651 a prime number?
False
Is 21074602661 a prime number?
False
Is 1451127167 a composite number?
True
Is 1095423149 composite?
True
Is 4345593909 composite?
True
Is 3480037307 composite?
False
Is 95145515251 a prime number?
True
Is 21958303117 a prime number?
True
Is 1175672833 a composite number?
False
Is 2984036873 a composite number?
False
Is 99736279 a composite number?
True
Is 19552426961 a prime number?
True
Is 3973721443 a composite number?
False
Is 141277109 composite?
True
Is 401198597 composite?
True
Is 56694821 prime?
True
Is 17432836513 prime?
False
Is 460908121979 prime?
False
Is 4566908833 a prime number?
True
Is 992836433 prime?
False
Is 154546422941 prime?
False
Is 9154472003 prime?
True
Is 297920561 composite?
True
Is 152126615 a prime number?
False
Is 153053861 composite?
True
Is 2530468747 a composite number?
True
Is 79398262627 prime?
False
Is 66504054011 a composite number?
True
Is 1376200873 composite?
True
Is 27110627921 a composite number?
True
Is 31414859587 a prime number?
True
Is 4390979 a composite number?
True
Is 72061379243 composite?
True
Is 114816397 a prime number?
True
Is 3710775669 composite?
True
Is 944779877 prime?
False
Is 63884221 a composite number?
False
Is 293580527 composite?
True
Is 749005963 composite?
False
Is 1246623487 a prime number?
True
Is 387846793 a prime number?
True
Is 28731294901 prime?
True
Is 2459845147 a prime number?
False
Is 645591829 composite?
True
Is 3305040143 a composite number?
False
Is 30454046529 a prime number?
False
Is 61477820483 prime?
True
Is 5287725953 a composite number?
True
Is 6691051247 a composite number?
False
Is 79830722353 a composite number?
True
Is 496749511 composite?
True
Is 2144302691 composite?
True
Is 300791339 a composite number?
True
Is 151153448489 composite?
True
Is 12366577643 prime?
False
Is 11878104101 prime?
True
Is 621157865 a composite number?
True
Is 3824273087 a composite number?
True
Is 5365730627 a composite number?
False
Is 294508974385 prime?
False
Is 29409589 prime?
False
Is 407804849 a prime number?
True
Is 11931994769 a composite number?
True
Is 37550084813 composite?
True
Is 109309346873 composite?
False
Is 2011196311 prime?
False
Is 4667515249 a composite number?
True
Is 495958115 a prime number?
False
Is 220638479 prime?
True
Is 4703438171 composite?
False
Is 28443204337 composite?
False
Is 2698344799 composite?
False
Is 565369523 a prime number?
False
Is 1137185347 a composite number?
False
Is 130850218493 composite?
False
Is 29521944797 a composite number?
False
Is 2862746413 prime?
True
Is 502333603 composite?
True
Is 1140201071 prime?
False
Is 575051293 prime?
False
Is 751149353 composite?
True
Is 15609486467 a prime number?
True
Is 4362518093 prime?
True
Is 3197365781 prime?
True
Is 670684213 a prime number?
False
Is 3401841137 prime?
True
Is 166297514 a composite number?
True
Is 1917336049 a composite number?
False
Is 2064548761 a prime number?
False
Is 303088433 a composite number?
False
Is 124682421 a composite number?
True
Is 29690843711 composite?
True
Is 215652737 composite?
False
Is 10085166629 a prime number?
True
Is 4108364317 composite?
False
Is 2977403449 composite?
False
Is 15762866593 prime?
False
Is 5311096873 prime?
True
Is 1978753523 composite?
False
Is 39486597691 composite?
True
Is 18488664679 prime?
True
Is 10991522869 a prime number?
False
Is 8926557247 a composite number?
True
Is 11907473491 a prime number?
True
Is 15653089073 composite?
False
Is 9087802231 composite?
False
Is 14766261845 a prime number?
False
Is 580345301 prime?
True
Is 515116171 a prime number?
True
Is 10844231687 composite?
True
Is 11990466338 prime?
False
Is 600797077 prime?
False
Is 6907230593 a prime number?
False
Is 2626719323 composite?
True
Is 858679781 a composite number?
False
Is 52957723909 a composite number?
False
Is 1049841547 a prime number?
True
Is 8731493993 a composite number?
False
Is 12283207 a composite number?
True
Is 45943654901 composite?
True
Is 6225420823 prime?
False
Is 964905761 composite?
False
Is 17794279067 prime?
True
Is 149827822769 prime?
True
Is 18033992089 composite?
False
Is 1496638777 a prime number?
False
Is 174802898291 composite?
True
Is 34859631287 composite?
True
Is 80371539431 composite?
False
Is 149281529 prime?
False
Is 47372215093 composite?
True
Is 2798519533 composite?
False
Is 9405500605 composite?
True
Is 11957075465 prime?
False
Is 8586151963 a composite number?
False
Is 56231527903 composite?
True
Is 85913324227 composite?
True
Is 1960243237 a composite number?
True
Is 6070029571 a composite number?
True
Is 23836866721 prim